dreds digit of k?
3
Suppose 0 = -c + q - 111 - 1, -2*c + 5*q = 212. Let i = 188 + c. Suppose 3*t - i = -6. What is the tens digit of t?
2
Suppose -7 + 39 = -y. Let z = -103 - y. Let u = z - -115. What is the units digit of u?
4
Suppose -3*a + 0*a = 12, -a - 16 = -4*y. Suppose -l + 25 = -2*p + 7*p, y*l = 0. Suppose 2 = -0*c + 2*c, -p*c = -2*w + 61. What is the units digit of w?
3
Let k = -28 - -49. What is the units digit of 2631/k + (-8)/(-28)*-1?
5
Let h = -24 - -15. Let x = -8 - h. Let a(f) = 49*f + 2. What is the units digit of a(x)?
1
Suppose 4*f = -4*c - 204, -f = -2*f - 4. Let a = c - -112. Let p = a - 38. What is the units digit of p?
7
Let y be (27/(-3))/3 + 7. Let u = 59 + -57. Suppose -98 = -y*b - 3*r, -18 = u*b + r - 66. What is the tens digit of b?
2
Suppose 349 = -13*u + 9176. What is the units digit of u?
9
Let n(r) = 3*r**2 + 58*r + 55. What is the units digit of n(-23)?
8
Let d = -5455 + 11041. What is the hundreds digit of d?
5
Suppose -3*d = -5*d. Suppose 4*x + 4*u + 216 = -0*x, -4*u - 12 = d. Let v = x - -96. What is the units digit of v?
5
Suppose -4*f = -20, -4*d + 3*f = 2*f + 21. Let q = d + -1. Let m(s) = -4*s + 9. What is the tens digit of m(q)?
2
Suppose 5*v + 1 - 11 = 0. Suppose -655*d = -659*d + 16. What is the units digit of 198/12*d/v?
3
Suppose -l + 215 = -5*z, -106 = 3*z + 5*l - l. What is the units digit of (80/(-3))/(14/z)?
0
Let w(b) = -20*b**3 - 17*b**2 - 15*b + 17. Let x(o) = -5*o**3 - 4*o**2 - 4*o + 4. Let c(n) = -2*w(n) + 9*x(n). What is the tens digit of c(-3)?
3
Let w be 212/3*6/4. Suppose 0 = l - 3*l - 2*t + w, -2*l + t = -109. What is the units digit of l?
4
What is the units digit of (139/556)/((-2)/(-14032))?
4
Let v be 2/(-10) - 273/(-65). Suppose 3*h - 3*o - 36 = 0, -4*h - v*o = -9*h + 56. What is the units digit of h?
8
Let p = 14 + -10. Suppose -f = -2*u - 3*f + 190, -u + 70 = -p*f. What is the units digit of u?
0
Let f be -7 + (-3156)/(-21) - (-2)/(-7). Let h = f - 68. What is the units digit of h?
5
Let k(b) = 8*b**2 - 2*b - 2. What is the hundreds digit of k(7)?
3
Suppose 3*g + 3*j = -52 - 71, 3*g + 115 = -j. Suppose -87 = 3*l + 72. Let c = g - l. What is the units digit of c?
6
Let i be 2*(-9)/3 - -1. What is the units digit of 3 - i/((-20)/(-316))?
2
Suppose 3 = h - 2*y, 4*h - 2*y + 0*y - 30 = 0. Suppose -h*p + 25 = -20. What is the units digit of p?
5
Let m(y) = 1 - 5 + 3 - 4 - y. Let a be m(-5). Suppose -3*x - 31 = -g - 0*x, 5*g - 2*x - 116 = a. What is the units digit of g?
2
Suppose -5*f = j + 18, 0 = 5*j + 3*f - 0 + 2. Suppose 4*a = -j*a + 24. Suppose -a*l + 5*t + 79 + 97 = 0, -5*l + 3*t = -207. What is the tens digit of l?
3
Suppose 3*w - 3207 = 2*z, -2*w - 107 + 2245 = 4*z. What is the units digit of w?
9
Let b = -314 + 337. What is the units digit of b?
3
Let t(i) = -i - 10. Let b be t(-6). What is the units digit of (-124)/10*(-1 + 6/b)?
1
Suppose 889*z - 54624 = 865*z. What is the tens digit of z?
7
Suppose l + t + 3 = 0, 0 = -4*l - 6*t + 4*t - 10. Let n be 5/(1*l/4). What is the units digit of 5/n - (-17)/2?
8
Let r(f) = -f**3 - 18*f**2 - f - 6. Let l be r(-18). What is the tens digit of (-2)/4*96/l - -30?
2
Let h be (20/(-7))/((-6)/21). Suppose -o - i - 4*i = -h, -o - 2*i + 7 = 0. Suppose -d + 0*d - m = -29, o*d - 3*m = 129. What is the tens digit of d?
2
Let s(c) = c**3 - 4*c**2 + 3*c + 16. Let w = 7 + -2. What is the units digit of s(w)?
6
Let u(d) = 107*d - 296. What is the units digit of u(19)?
7
Suppose 3521 = 4*z - 3*d, 3846 = 5*z - 5*d - 549. What is the hundreds digit of z?
8
What is the units digit of 535*((-24)/(-4))/6?
5
Let t = 39 + -32. What is the tens digit of 21/2*(1 - (-5)/t)?
1
Suppose 0 = 98*u - 102*u + 3*r + 10781, -3*r + 13483 = 5*u. What is the tens digit of u?
9
Let d = 567 - -129. What is the hundreds digit of d?
6
Let f be (-14)/(-14) - 2*-1. Suppose -3*g = f - 12. What is the tens digit of (g - 4/8)*26?
6
Let h = 64 - 7. Let c = -46 + 83. Let d = h - c. What is the units digit of d?
0
Let q(o) = -o**2 - 5*o - 2. Let x be q(-4). Suppose 0 = -x*g - 0*g + 62. What is the units digit of g?
1
Let g be (-4)/(-1 + -1)*-2. Let u be (-2)/g*(-3 + 3). Suppose u = -26*f + 31*f - 10. What is the units digit of f?
2
Let h(t) = -t**3 + 22*t**2 + 36*t + 6. What is the thousands digit of h(18)?
1
Let f be 0/1 - 35*-3. Let z = f + -71. Suppose 2*c + 12 = z. What is the tens digit of c?
1
Suppose 2*y - 19 = -15. Suppose y*w = -w + 4*u + 809, -w + 295 = 5*u. What is the units digit of w?
5
Let l(n) = n**3 - 12*n**2 - 13*n - 2. Let g be l(13). Let p = g - 1. What is the units digit of ((-1)/p)/((-2)/(-54))?
9
Let o(y) = 3*y**2 - y + 5. Let s = 117 + -117. What is the units digit of o(s)?
5
Let u(r) = 36*r**3 + 6*r**2 - 9*r. What is the tens digit of u(2)?
9
Suppose 2*v = -4*m - 6, 0 = 5*v - 2*v - 5*m - 13. Suppose -10 = -5*o + 5*n - 0, -4*o = 4*n - 24. What is the units digit of 58/((o - 4) + v)?
8
Let f = 44 + -28. Suppose -f*g + 12*g + 56 = 0. What is the units digit of g?
4
Suppose k - 1930 = -9*k. What is the units digit of k?
3
Suppose 3*d + 0*d = 0. Suppose d*b = -2*b + 4. Suppose -g = -b*g + 25. What is the tens digit of g?
2
Let w(d) = -d**2 - 48*d + 25. What is the units digit of w(-31)?
2
Suppose 7*f - 11136 = 2*f - 2*w, 5*w - 8919 = -4*f. What is the hundreds digit of f?
2
Let o = 3045 - -361. What is the hundreds digit of o?
4
Suppose 3*q + 3*w - 9 = 0, 0 = 3*q - q - 4*w - 30. Suppose -13 = -q*t + 6*t. Suppose t = k + 9. What is the units digit of k?
4
Let z be (-231)/1*(-4)/12. Let d = 113 - z. Let w = 66 - d. What is the units digit of w?
0
Let d(c) = 3*c**3 + 2*c - 2. Let v be d(1). Suppose 0 = -v*a + 96 + 117. What is the units digit of a?
1
What is the units digit of -120*164*(-39)/260?
2
Suppose -l = 3*h - 153, -3*h + 255 = 2*h - 3*l. What is the tens digit of h?
5
Let p be (-4)/(-4 - 154/(-38)). Suppose 5*w - 594 = -4*u + 10, -2*u = 4*w - 296. Let x = p + u. What is the tens digit of x?
8
Let k(q) = -q**3 - 15*q**2 + 25*q - 52. What is the units digit of k(-21)?
9
Let f(a) = -a + 10. Let c be f(5). Suppose 3 = -v - 5*u, 6*v - 9 = c*v - 2*u. Suppose i = -0*i + v. What is the units digit of i?
7
Let m(f) = 27*f + 28. Let q be m(6). Suppose 600 = 3*v - 3*y, -v + 0*v + q = -3*y. What is the tens digit of v?
0
Let y(z) be the third derivative of z**6/120 - z**5/12 + z**4/4 + z**3/6 - 4*z**2. Let p be y(5). Let i = p + -15. What is the units digit of i?
6
Suppose -i - 2*p = -595, i = 6*i - 2*p - 2951. What is the hundreds digit of i?
5
Let c(q) = -9*q**3 - 2*q**2 + 5*q - 4. Let d be c(2). Let h = d - -78. What is the units digit of h?
4
Let w = 41 - 36. Suppose w*t - 3*t - 22 = 0. What is the units digit of t?
1
Let d(h) = -h + 2. Let f be d(-5). Let u(m) = m**3 - 7*m**2 - m - 2. Let q be u(f). What is the tens digit of (-480)/q*6/4?
8
Let i = -605 - -2204. What is the tens digit of i?
9
Let u(k) = 10*k + 8. What is the tens digit of u(2)?
2
Suppose 16*s = 19*s - 33. Let y(z) = z**2 - 5*z. What is the units digit of y(s)?
6
Let y = -63 - -1. What is the units digit of y/(-4)*(2 - 0)?
1
Suppose 8*f - 9*f - 1874 = -4*m, 2*f + 465 = m. What is the hundreds digit of m?
4
Suppose 236 = 2*u - 3*l - 897, 4*u + 5*l = 2233. What is the hundreds digit of u?
5
Suppose -5*q + 57 = -118. Suppose 0 = -6*s + s + q. What is the units digit of s?
7
What is the tens digit of 7 + -9 + -2 + 615?
1
Let s = -13 + 10. Let r = 16 - s. What is the units digit of r?
9
Let u(g) = -g**3 + 14*g**2 + 17*g - 22. Let t(h) = 3*h + 38. Let i be t(-8). What is the hundreds digit of u(i)?
2
Let g = 1 + 2. Let m be 0 + (g - 3) - -16. Let v = m + -10. What is the units digit of v?
6
Let a be 1/(-5) + (-180)/(-25). Suppose -2*f - f + a = -h, -4*f + 3 = 5*h. Suppose o = 3*w + 21, -f*o - 3*w + 48 = 6. What is the units digit of o?
1
Let u(c) = -34 + 46 - 35 + 30*c. What is the units digit of u(9)?
7
What is the tens digit of -13 + 1 + -1 + 2969?
5
Suppose -2*t - 4*w = -3*w - 3, 5*t - w = 11. Suppose -p - 5 = -t*p. Suppose -z + p = 0, 4 = -o - 2*z + 28. What is the units digit of o?
4
Let h(a) = 1 + 13*a**2 - a - a + a. Let d(u) = -u**2 - 10*u + 57. Let f be d(-14). What is the tens digit of h(f)?
1
Suppose -1240 = -40*z + 38*z. What is the hundreds digit of z?
6
Let t be 20/35 - (-544)/28. Let g =